{"id":62,"date":"2021-04-20T04:08:23","date_gmt":"2021-04-20T04:08:23","guid":{"rendered":"http:\/\/muebleskimberlysandoval.com\/?page_id=62"},"modified":"2024-06-12T16:58:39","modified_gmt":"2024-06-12T16:58:39","slug":"home-02","status":"publish","type":"page","link":"https:\/\/muebleskimberlysandoval.com\/","title":{"rendered":"Home 02"},"content":{"rendered":"<p>[vc_row css=\u00bb.vc_custom_1716951152939{margin-top: 0px !important;}\u00bb][vc_column]\n\t\t\t<!-- START mass_home21 REVOLUTION SLIDER 6.5.6 --><p class=\"rs-p-wp-fix\"><\/p>\n\t\t\t<rs-module-wrap id=\"rev_slider_7_1_wrapper\" data-source=\"gallery\" style=\"visibility:hidden;background:transparent;padding:0;margin:0px auto;margin-top:0;margin-bottom:0;\">\n\t\t\t\t<rs-module id=\"rev_slider_7_1\" style=\"\" data-version=\"6.5.6\">\n\t\t\t\t\t<rs-slides>\n\t\t\t\t\t\t<rs-slide style=\"position: absolute;\" data-key=\"rs-15\" data-title=\"Slide\" data-in=\"o:0;\" data-out=\"a:false;\">\n\t\t\t\t\t\t\t<img decoding=\"async\" src=\"\/\/muebleskimberlysandoval.com\/wp-content\/plugins\/revslider\/public\/assets\/assets\/dummy.png\" title=\"Home 02\" class=\"rev-slidebg tp-rs-img rs-lazyload\" data-lazyload=\"\/\/muebleskimberlysandoval.com\/wp-content\/plugins\/revslider\/public\/assets\/assets\/transparent.png\" data-parallax=\"off\" data-no-retina>\n\t\t\t\t\t\t\t<rs-bgvideo \n\t\t\t\t\t\t\t\tdata-video=\"vc:none;w:100%;h:100%;nse:false;l:true;ptimer:false;\"\n\t\t\t\t\t\t\t\tdata-ytid=\"OCGLvqajl6E\"\n\t\t\t\t\t\t\t\tdata-vatr=\"version=3&amp;enablejsapi=1&amp;html5=1&amp;hd=1&amp;wmode=opaque&amp;showinfo=0&amp;rel=0&amp;origin=https:\/\/muebleskimberlysandoval.com;\"\n\t\t\t\t\t\t\t><\/rs-bgvideo>\n<!---->\t\t\t\t\t\t<\/rs-slide>\n\t\t\t\t\t<\/rs-slides>\n\t\t\t\t<\/rs-module>\n\t\t\t\t<script type=\"text\/javascript\">\n\t\t\t\t\tsetREVStartSize({c: 'rev_slider_7_1',rl:[1240,1024,778,480],el:[570],gw:[1240],gh:[570],type:'standard',justify:'',layout:'fullwidth',mh:\"0\"});if (window.RS_MODULES!==undefined && window.RS_MODULES.modules!==undefined && window.RS_MODULES.modules[\"revslider71\"]!==undefined) {window.RS_MODULES.modules[\"revslider71\"].once = false;window.revapi7 = undefined;if (window.RS_MODULES.checkMinimal!==undefined) window.RS_MODULES.checkMinimal()}\n\t\t\t\t<\/script>\n\t\t\t<\/rs-module-wrap>\n\t\t\t<!-- END REVOLUTION SLIDER -->\n[\/vc_column][\/vc_row][vc_row el_class=\u00bbvc-col-no-pt\u00bb][vc_column][g5element_space spacing=\u00bb110&#8243; spacing_md=\u00bb67&#8243;][g5element_heading layout_style=\u00bbstyle-02&#8243; title=\u00bbPRODUCTOS DESTACADOS\u00bb limit_width=\u00bb1000&#8243; title_typography=\u00bb%7B%22font_family%22%3A%22%22%2C%22font_weight%22%3A%22%22%2C%22font_style%22%3A%22%22%2C%22font_size_lg%22%3A%2240%22%2C%22font_size_md%22%3A%22%22%2C%22font_size_sm%22%3A%22%22%2C%22font_size_xs%22%3A%2230%22%2C%22align%22%3A%22%22%2C%22text_transform%22%3A%22%22%2C%22line_height%22%3A%221.5%22%2C%22letter_spacing%22%3A%22%22%2C%22color%22%3A%22%22%2C%22hover_color%22%3A%22%22%7D\u00bb][g5element_space spacing=\u00bb23&#8243;][vc_icon icon_fontawesome=\u00bbfas fa-arrow-down\u00bb color=\u00bbcustom\u00bb background_style=\u00bbrounded-outline\u00bb background_color=\u00bbcustom\u00bb size=\u00bbxs\u00bb align=\u00bbcenter\u00bb custom_background_color=\u00bbrgba(0,0,0,0.19)\u00bb custom_color=\u00bb#000000&#8243; css=\u00bb.vc_custom_1620033204865{margin-bottom: 0px !important;}\u00bb el_class=\u00bbg5core-menu-one-page\u00bb link=\u00bburl:%23arrow-down\u00bb][g5element_space spacing=\u00bb50&#8243; spacing_md=\u00bb80&#8243;][g5element_products category_enable=\u00bbon\u00bb posts_per_page=\u00bb8&#8243; columns_lg=\u00bb3&#8243; columns_md=\u00bb2&#8243; columns_sm=\u00bb2&#8243; columns=\u00bb1&#8243; post_image_size=\u00bb330&#215;330&#8243; css_animation=\u00bbappear\u00bb][g5element_space spacing=\u00bb30&#8243;][g5element_button title=\u00bbTODOS LOS PRODUCTOS\u00bb style=\u00bboutline\u00bb size=\u00bblg\u00bb align=\u00bbcenter\u00bb icon_font=\u00bbfal fa-cart-plus\u00bb link=\u00bburl:http%3A%2F%2Fmuebleskimberlysandoval.com%2F%3Fpage_id%3D6|title:Shop\u00bb][\/vc_column][\/vc_row][vc_row el_class=\u00bbvc-col-no-pt g5core__vc-width-1200&#8243;][vc_column][g5element_space spacing=\u00bb110&#8243; spacing_md=\u00bb67&#8243;][g5element_heading layout_style=\u00bbstyle-02&#8243; title=\u00bbRese\u00f1as de Clientes\u00bb title_typography=\u00bb%7B%22font_family%22%3A%22%22%2C%22font_weight%22%3A%22%22%2C%22font_style%22%3A%22%22%2C%22font_size_lg%22%3A%2240%22%2C%22font_size_md%22%3A%22%22%2C%22font_size_sm%22%3A%22%22%2C%22font_size_xs%22%3A%22%22%2C%22align%22%3A%22%22%2C%22text_transform%22%3A%22%22%2C%22line_height%22%3A%22%22%2C%22letter_spacing%22%3A%22%22%2C%22color%22%3A%22%22%2C%22hover_color%22%3A%22%22%7D\u00bb][g5element_space spacing=\u00bb45&#8243; spacing_md=\u00bb20&#8243;][g5element_slider_container slides_to_show=\u00bb3&#8243; columns_md=\u00bb2&#8243; columns_sm=\u00bb2&#8243; columns_xs=\u00bb1&#8243; dots_navigation=\u00bb\u00bb autoplay_enable=\u00bbon\u00bb infinite_loop=\u00bbon\u00bb margin_item=\u00bb60&#8243;][g5element_testimonial layout_style=\u00bbstyle-08&#8243; align=\u00bbcenter\u00bb author_avatar=\u00bb2786&#8243; img_size=\u00bbimg-size-lg\u00bb author_name=\u00bbJuan Camilo Cuevas\u00bb author_job=\u00bb\u00bb author_bio=\u00bbLos productos y sus telas son de optima calidad, realmente recomiendo cualquier producto que ellos fabriquen y dise\u00f1en.\u00bb content_quote=\u00bbon\u00bb author_link=\u00bb\u00bb][g5element_testimonial layout_style=\u00bbstyle-08&#8243; align=\u00bbcenter\u00bb author_avatar=\u00bb2789&#8243; img_size=\u00bbimg-size-lg\u00bb author_name=\u00bbMarcelita Escobar\u00bb author_job=\u00bb\u00bb author_bio=\u00bbLos dise\u00f1os que manejan son perfectos para un ambiente familiar y agradable.\u00bb content_quote=\u00bbon\u00bb author_link=\u00bb\u00bb][g5element_testimonial layout_style=\u00bbstyle-08&#8243; align=\u00bbcenter\u00bb author_avatar=\u00bb2785&#8243; img_size=\u00bbimg-size-lg\u00bb author_name=\u00bbSammy Silva\u00bb author_job=\u00bb\u00bb author_bio=\u00bbMe cumplieron con la entrega correctamente. Estoy satisfecha con los centros de mesa que ped\u00ed.\u00bb content_quote=\u00bbon\u00bb author_link=\u00bb\u00bb][g5element_testimonial layout_style=\u00bbstyle-08&#8243; align=\u00bbcenter\u00bb author_avatar=\u00bb2787&#8243; img_size=\u00bbimg-size-lg\u00bb author_name=\u00bbVictoria Sivana\u00bb author_job=\u00bb\u00bb author_bio=\u00bbCompre un Juego de Sala personalizado que es de muy buena calidad y dise\u00f1o. Los recomiendo por su buen trabajo desde cero.\u00bb content_quote=\u00bbon\u00bb author_link=\u00bb\u00bb][g5element_testimonial layout_style=\u00bbstyle-08&#8243; align=\u00bbcenter\u00bb author_avatar=\u00bb2788&#8243; img_size=\u00bbimg-size-lg\u00bb author_name=\u00bbMaira Mejia\u00bb author_job=\u00bb\u00bb author_bio=\u00bbSoy de Cali y no hay mejor lugar para pedir mobiliario para el hogar. Gran calidad y elegancia en todos su dise\u00f1os.\u00bb content_quote=\u00bbon\u00bb author_link=\u00bb\u00bb][\/g5element_slider_container][g5element_space spacing=\u00bb90&#8243; spacing_md=\u00bb22&#8243;][\/vc_column][\/vc_row][vc_row][vc_column width=\u00bb2\/3&#8243;][g5element_gallery layout=\u00bbmetro-1&#8243; columns_xl=\u00bb6&#8243; columns_lg=\u00bb6&#8243; columns_md=\u00bb6&#8243; images=\u00bb3286,3273,3274,3248,3249,3251,3241,3238&#8243;][\/vc_column][vc_column width=\u00bb1\/3&#8243;][vc_single_image image=\u00bb3327&#8243; img_size=\u00bbfull\u00bb][vc_column_text]<\/p>\n<div class=\"x9f619 x1n2onr6 x1ja2u2z x78zum5 x2lah0s x1qughib x1qjc9v5 xozqiw3 x1q0g3np x1pi30zi x1swvt13 xyamay9 xykv574 xbmpl8g x4cne27 xifccgj\">\n<div class=\"x9f619 x1n2onr6 x1ja2u2z x78zum5 xdt5ytf x193iq5w xeuugli x1r8uery x1iyjqo2 xs83m0k xsyo7zv x16hj40l x10b6aqq x1yrsyyn\">\n<h5 class=\"x2b8uid x80vd3b x1q0q8m5 xso031l x1l90r2v\"><span class=\"x193iq5w xeuugli x13faqbe x1vvkbs x1xmvt09 x1lliihq x1s928wv xhkezso x1gmr53x x1cpjm7i x1fgarty x1943h6x xudqn12 x3x7a5m x1f6kntn xvq8zen xo1l8bm xzsf02u\" dir=\"auto\" style=\"color: #000000;\">Somos una empresa con mas de 10 a\u00f1os de experiencia dedicada profesionalmente a la fabricaci\u00f3n de muebles y a la decoraci\u00f3n de interiores, con productos de la mejor calidad, confortables e innovadores los cuales le dar\u00e1n un toque \u00fanico e innovador a tu hogar.<\/span><\/h5>\n<\/div>\n<\/div>\n<div class=\"x9f619 x1n2onr6 x1ja2u2z x78zum5 x2lah0s x1qughib x1qjc9v5 xozqiw3 x1q0g3np x1pi30zi x1swvt13 xyamay9 xykv574 xbmpl8g x4cne27 xifccgj\">\n<div class=\"x9f619 x1n2onr6 x1ja2u2z x78zum5 xdt5ytf x193iq5w xeuugli x1r8uery x1iyjqo2 xs83m0k xsyo7zv x16hj40l x10b6aqq x1yrsyyn\">\n<h5 class=\"x9f619 x1n2onr6 x1ja2u2z x78zum5 x2lah0s x1nhvcw1 x1qjc9v5 xozqiw3 x1q0g3np xexx8yu xykv574 xbmpl8g x4cne27 xifccgj\"><a href=\"http:\/\/muebleskimberlysandoval.com\/?page_id=164\"><img decoding=\"async\" src=\"https:\/\/lipa-net.org\/wp-content\/uploads\/2021\/03\/boton-saber-mas.png\" alt=\"Proyecto SWITCH: Bienestar e integraci\u00f3n de v\u00edctimas transg\u00e9nero en entornos de atenci\u00f3n sanitaria con un enfoque hol\u00edstico \u2013 Red-LIPA\" \/><\/a><\/h5>\n<\/div>\n<\/div>\n<p>[\/vc_column_text][\/vc_column][\/vc_row][vc_row][vc_column width=\u00bb1\/2&#8243;][vc_video link=\u00bbhttps:\/\/www.youtube.com\/watch?v=R0iMmthy-bo\u00bb][\/vc_column][vc_column width=\u00bb1\/2&#8243;][vc_video link=\u00bbhttps:\/\/www.youtube.com\/watch?v=gDZPmWFPD40&#8243;][\/vc_column][\/vc_row][vc_row][vc_column][g5element_space spacing=\u00bb90&#8243; spacing_md=\u00bb67&#8243;][vc_single_image image=\u00bb3335&#8243; img_size=\u00bbfull\u00bb alignment=\u00bbcenter\u00bb][\/vc_column][\/vc_row][vc_row el_class=\u00bbvc-col-no-pt g5core__vc-width-1200&#8243;][vc_column][g5element_space spacing=\u00bb90&#8243; spacing_md=\u00bb67&#8243;][g5element_heading layout_style=\u00bbstyle-02&#8243; title=\u00bbNuestro Blog\u00bb title_typography=\u00bb%7B%22font_family%22%3A%22%22%2C%22font_weight%22%3A%22%22%2C%22font_style%22%3A%22%22%2C%22font_size_lg%22%3A%2240%22%2C%22font_size_md%22%3A%22%22%2C%22font_size_sm%22%3A%22%22%2C%22font_size_xs%22%3A%22%22%2C%22align%22%3A%22%22%2C%22text_transform%22%3A%22%22%2C%22line_height%22%3A%22%22%2C%22letter_spacing%22%3A%22%22%2C%22color%22%3A%22%22%2C%22hover_color%22%3A%22%22%7D\u00bb][g5element_space spacing=\u00bb57&#8243; spacing_md=\u00bb40&#8243;][g5element_posts_slider posts_per_page=\u00bb3&#8243; columns_xl=\u00bb3&#8243; columns_lg=\u00bb3&#8243; columns_md=\u00bb2&#8243; columns_sm=\u00bb2&#8243; columns=\u00bb1&#8243; slider_auto_height_enable=\u00bb\u00bb post_image_size=\u00bb370&#215;240&#8243; ids=\u00bb\u00bb][g5element_space spacing=\u00bb110&#8243; spacing_md=\u00bb60&#8243;][\/vc_column][\/vc_row][vc_row][vc_column width=\u00bb1\/3&#8243;][vc_single_image image=\u00bb3334&#8243; img_size=\u00bbfull\u00bb onclick=\u00bbcustom_link\u00bb link=\u00bbhttp:\/\/muebleskimberlysandoval.com\/?page_id=3301&#8243;][\/vc_column][vc_column width=\u00bb1\/3&#8243;][vc_single_image image=\u00bb3374&#8243; img_size=\u00bbfull\u00bb onclick=\u00bbcustom_link\u00bb link=\u00bbhttp:\/\/muebleskimberlysandoval.com\/?product_cat=linea-medica\u00bb][\/vc_column][vc_column width=\u00bb1\/3&#8243;][vc_single_image image=\u00bb3332&#8243; img_size=\u00bbfull\u00bb onclick=\u00bbcustom_link\u00bb link=\u00bbhttp:\/\/muebleskimberlysandoval.com\/?page_id=3301&#8243;][\/vc_column][\/vc_row][vc_row el_class=\u00bbvc-col-no-pt g5core__vc-width-1200&#8243;][vc_column][g5element_space spacing=\u00bb90&#8243; spacing_md=\u00bb67&#8243;][\/vc_column][\/vc_row][vc_row][vc_column][g5element_heading layout_style=\u00bbstyle-02&#8243; title=\u00bbAs\u00ed Estamos Ubicados\u00bb title_typography=\u00bb%7B%22font_family%22%3A%22%22%2C%22font_weight%22%3A%22%22%2C%22font_style%22%3A%22%22%2C%22font_size_lg%22%3A%2240%22%2C%22font_size_md%22%3A%22%22%2C%22font_size_sm%22%3A%22%22%2C%22font_size_xs%22%3A%22%22%2C%22align%22%3A%22%22%2C%22text_transform%22%3A%22%22%2C%22line_height%22%3A%22%22%2C%22letter_spacing%22%3A%22%22%2C%22color%22%3A%22%22%2C%22hover_color%22%3A%22%22%7D\u00bb][g5element_space spacing=\u00bb57&#8243; spacing_md=\u00bb40&#8243;][vc_raw_html]JTNDaWZyYW1lJTIwc3JjJTNEJTIyaHR0cHMlM0ElMkYlMkZ3d3cuZ29vZ2xlLmNvbSUyRm1hcHMlMkZlbWJlZCUzRnBiJTNEJTIxMW0xNCUyMTFtOCUyMTFtMyUyMTFkMTU5MzMuNDMyMDY4NzI0OTgyJTIxMmQtNzYuMjE5NzE2JTIxM2QzLjI2MDk2NSUyMTNtMiUyMTFpMTAyNCUyMTJpNzY4JTIxNGYxMy4xJTIxM20zJTIxMW0yJTIxMXMweDhlM2E2ZGU1ZDlmNzU1M2YlMjUzQTB4OTkxMjEzMjRkODhmMWY5YyUyMTJzREVLTyUyNTIwQ0lORU1BJTI1MjBTQVMlMjE1ZTAlMjEzbTIlMjExc2VzLTQxOSUyMTJzY28lMjE0djE3MTgwNzUyNTA0OTQlMjE1bTIlMjExc2VzLTQxOSUyMTJzY28lMjIlMjB3aWR0aCUzRCUyMjEwMCUyNSUyMiUyMGhlaWdodCUzRCUyMjM1MCUyMiUyMHN0eWxlJTNEJTIyYm9yZGVyJTNBMCUzQiUyMiUyMGFsbG93ZnVsbHNjcmVlbiUzRCUyMiUyMiUyMGxvYWRpbmclM0QlMjJsYXp5JTIyJTIwcmVmZXJyZXJwb2xpY3klM0QlMjJuby1yZWZlcnJlci13aGVuLWRvd25ncmFkZSUyMiUzRSUzQyUyRmlmcmFtZSUzRQ==[\/vc_raw_html][g5element_space spacing=\u00bb90&#8243; spacing_md=\u00bb67&#8243;][\/vc_column][\/vc_row]<\/p>\n","protected":false},"excerpt":{"rendered":"<p>[vc_row css=\u00bb.vc_custom_1716951152939{margin-top: 0px !important;}\u00bb][vc_column][\/vc_column][\/vc_row][vc_row el_class=\u00bbvc-col-no-pt\u00bb][vc_column][g5element_space spacing=\u00bb110&#8243; spacing_md=\u00bb67&#8243;][g5element_heading layout_style=\u00bbstyle-02&#8243; title=\u00bbPRODUCTOS DESTACADOS\u00bb limit_width=\u00bb1000&#8243; title_typography=\u00bb%7B%22font_family%22%3A%22%22%2C%22font_weight%22%3A%22%22%2C%22font_style%22%3A%22%22%2C%22font_size_lg%22%3A%2240%22%2C%22font_size_md%22%3A%22%22%2C%22font_size_sm%22%3A%22%22%2C%22font_size_xs%22%3A%2230%22%2C%22align%22%3A%22%22%2C%22text_transform%22%3A%22%22%2C%22line_height%22%3A%221.5%22%2C%22letter_spacing%22%3A%22%22%2C%22color%22%3A%22%22%2C%22hover_color%22%3A%22%22%7D\u00bb][g5element_space spacing=\u00bb23&#8243;][vc_icon icon_fontawesome=\u00bbfas fa-arrow-down\u00bb color=\u00bbcustom\u00bb background_style=\u00bbrounded-outline\u00bb background_color=\u00bbcustom\u00bb size=\u00bbxs\u00bb align=\u00bbcenter\u00bb custom_background_color=\u00bbrgba(0,0,0,0.19)\u00bb custom_color=\u00bb#000000&#8243; css=\u00bb.vc_custom_1620033204865{margin-bottom: 0px !important;}\u00bb el_class=\u00bbg5core-menu-one-page\u00bb link=\u00bburl:%23arrow-down\u00bb][g5element_space spacing=\u00bb50&#8243; spacing_md=\u00bb80&#8243;][g5element_products category_enable=\u00bbon\u00bb posts_per_page=\u00bb8&#8243; columns_lg=\u00bb3&#8243; columns_md=\u00bb2&#8243; columns_sm=\u00bb2&#8243; columns=\u00bb1&#8243; post_image_size=\u00bb330&#215;330&#8243; css_animation=\u00bbappear\u00bb][g5element_space spacing=\u00bb30&#8243;][g5element_button title=\u00bbTODOS LOS PRODUCTOS\u00bb style=\u00bboutline\u00bb size=\u00bblg\u00bb align=\u00bbcenter\u00bb icon_font=\u00bbfal fa-cart-plus\u00bb link=\u00bburl:http%3A%2F%2Fmuebleskimberlysandoval.com%2F%3Fpage_id%3D6|title:Shop\u00bb][\/vc_column][\/vc_row][vc_row el_class=\u00bbvc-col-no-pt g5core__vc-width-1200&#8243;][vc_column][g5element_space spacing=\u00bb110&#8243; spacing_md=\u00bb67&#8243;][g5element_heading layout_style=\u00bbstyle-02&#8243; title=\u00bbRese\u00f1as de Clientes\u00bb [&hellip;]<\/p>\n","protected":false},"author":1,"featured_media":0,"parent":0,"menu_order":0,"comment_status":"closed","ping_status":"closed","template":"","meta":{"footnotes":""},"class_list":["post-62","page","type-page","status-publish","hentry"],"_links":{"self":[{"href":"https:\/\/muebleskimberlysandoval.com\/index.php?rest_route=\/wp\/v2\/pages\/62","targetHints":{"allow":["GET"]}}],"collection":[{"href":"https:\/\/muebleskimberlysandoval.com\/index.php?rest_route=\/wp\/v2\/pages"}],"about":[{"href":"https:\/\/muebleskimberlysandoval.com\/index.php?rest_route=\/wp\/v2\/types\/page"}],"author":[{"embeddable":true,"href":"https:\/\/muebleskimberlysandoval.com\/index.php?rest_route=\/wp\/v2\/users\/1"}],"replies":[{"embeddable":true,"href":"https:\/\/muebleskimberlysandoval.com\/index.php?rest_route=%2Fwp%2Fv2%2Fcomments&post=62"}],"version-history":[{"count":115,"href":"https:\/\/muebleskimberlysandoval.com\/index.php?rest_route=\/wp\/v2\/pages\/62\/revisions"}],"predecessor-version":[{"id":3396,"href":"https:\/\/muebleskimberlysandoval.com\/index.php?rest_route=\/wp\/v2\/pages\/62\/revisions\/3396"}],"wp:attachment":[{"href":"https:\/\/muebleskimberlysandoval.com\/index.php?rest_route=%2Fwp%2Fv2%2Fmedia&parent=62"}],"curies":[{"name":"wp","href":"https:\/\/api.w.org\/{rel}","templated":true}]}}